. Determine s(q).
7
Let q(u) = -3*u**3 - 46*u**2 - 19*u + 6. Let a(r) = 7*r**3 + 105*r**2 + 38*r - 12. Let i(x) = 4*a(x) + 9*q(x). What is i(3)?
30
Let x(t) be the third derivative of -7*t**4/8 + 8*t**3/3 - 227*t**2. Let p be x(1). Let m(q) = q**3 + 6*q**2 + 7*q + 10. Determine m(p).
0
Let w(o) be the third derivative of o**6/120 + o**5/60 - o**4/8 + 2*o**3/3 - 20*o**2 - 62*o. Let g be 2/(-4) - (-57)/(-6). Let k = g - -7. Calculate w(k).
-5
Let i(r) be the third derivative of r**6/60 - 7*r**5/12 + 2*r**4/3 + 17*r**3/6 + 670*r**2. Determine i(17).
0
Let n(l) = -2*l**2 + 2*l - 6. Let c(h) = -5*h**2 + 7*h - 18. Let k(s) = 3*c(s) - 8*n(s). Let r = 250 + -566. Let j = 311 + r. Calculate k(j).
-6
Let m(s) = 88*s + 730. Let c(j) = 4*j + 4. Let q(p) = -6*c(p) + m(p). Calculate q(-11).
2
Suppose 845*x + 2060 = 639*x. Let j(m) be the second derivative of -m**3/6 - 3*m**2 - 2*m. Determine j(x).
4
Let f = 4644 + -9285/2. Let c(l) be the first derivative of -2 + 2/3*l**3 - f*l**2 + 3*l. Calculate c(2).
5
Let x(i) = -1 + 8*i - i**2 - 2 + 4. Let f(v) = 2659*v - 39878. Let y be f(15). Give x(y).
8
Let z(y) = -y - 11. Let s = 505 - 509. Let h be 31/s + (-630)/56 + 12. Give z(h).
-4
Suppose 17 = 3*k + m, 10 = -k + 3*m - 1. Suppose -f + 10 = -3*g + f, -3*f = -k*g - 13. Let s(p) = p**2 + 2*p - 4. What is s(g)?
4
Let x = -239 + 242. Let r(f) = 2*f - 3. Let v(p) = 6*p - 7. Let t(j) = x*v(j) - 8*r(j). Determine t(-2).
-1
Let s(b) be the second derivative of -b**7/840 + b**6/180 - b**5/60 - b**4/6 + 7*b**3/2 + 80*b. Let f(p) be the second derivative of s(p). What is f(3)?
-19
Suppose 3*m - 773 = -5*j + 671, 0 = j + 2*m - 286. Let t = 284 - j. Let d(x) be the second derivative of -x**4/12 - 4*x**3/3 - 9*x**2/2 - 3*x. Give d(t).
3
Suppose 6 = 10*i + 66. Suppose 4*s + 3*l = 23, 2*s - l = -0*l - 1. Let q(b) = 4*b**2 + 7 - 8*b**2 + 2*b - s*b**2 - b**3. Calculate q(i).
-5
Let d(j) be the third derivative of j**5/60 + 3*j**4/8 + 5*j**3/3 - 266*j**2 - 2*j. Let l(x) = -3*x + 50. Let t be l(19). Calculate d(t).
-4
Let b(s) be the second derivative of 31*s**3/6 + 651*s**2/2 - 4123*s. Determine b(-21).
0
Let y(n) be the second derivative of -n**2 - 6 + 3*n + 1/6*n**3. Calculate y(-1).
-3
Let a(b) = -b**2 + 20*b + 50. Let p be a(22). Suppose -p*r + 50 = -16. Let w(i) = i**2 - 10*i - 16. Give w(r).
-5
Let n be 6*-1*(1 - 6/1). Suppose -n = -38*k - 30. Let j(t) = t**3 - 2. Give j(k).
-2
Let v be -1 + (-252)/(-35) - 1/5. Suppose -4*o - 22 = v. Let d(t) = t**2 - 6*t. Let n(l) = 2*l**2 - 11*l + 1. Let u(c) = o*d(c) + 3*n(c). Calculate u(6).
21
Suppose 19*l = 70*l - 16*l + 420. Let k(b) = 4*b**3 + 2 + 11 - 3*b**3 + 12*b**2 - 3. Determine k(l).
10
Suppose 0 = 3*u + 5*t - 101, 415*u - 5*t = 414*u + 27. Let c(z) = -35*z + 1120. Give c(u).
0
Let m(o) = o - 11. Suppose 0 = 122*g - 117*g - 5. Let b be 13 + 2 + g - (1 - -3). What is m(b)?
1
Let r(p) be the third derivative of p**4/24 - p**3/6 - 23*p**2. Suppose -120 = 5*a - 2*a. Let y = -40 - a. Give r(y).
-1
Let b(h) = 46*h**2 + 50*h**2 - 90*h**2. Let r(j) = -j**2 + 3*j + 2. Suppose 4*x + 7*x = 44. Let g be r(x). Give b(g).
24
Let n be 0 - (-9)/(-2) - (-150)/60. Let a be (4/7 - n)/((-1)/7). Let k(v) = v**2 + 16*v - 32. Give k(a).
4
Let l(m) = 91 - 2*m**2 + 247 - 54 + 155 - 87*m. Calculate l(-48).
7
Suppose 10*y - c - 39 = 12*y, -5*c = -5*y - 75. Let b(o) = o**3 + 16*o**2 - 37*o - 20. Determine b(y).
-2
Let l(b) be the third derivative of -b**8/20160 + b**7/1008 - b**6/240 + 131*b**5/60 - 126*b**2. Let q(f) be the third derivative of l(f). Calculate q(5).
-3
Let z(f) be the first derivative of 5*f**2/2 + 34*f - 4035. Give z(-7).
-1
Let m(s) = 2*s**2 + 12*s - 12. Let b be m(-8). Let l be (-54)/9*(b/(-6))/(-5). Let p(v) = 3*v**2 + v - 4. What is p(l)?
40
Suppose 9 = -2*w + 5*w. Let h(s) = 1 - 2 + s**w + 1 + 8*s - 2 + 8*s**2. Suppose 5*n - 534 = -569. What is h(n)?
-9
Let d(n) be the third derivative of -7/6*n**3 + n**2 + 1/24*n**4 + 3 + 0*n. What is d(-5)?
-12
Suppose 11*h + 39*h + 206*h = -8960. Let j(x) = x**3 + 37*x**2 + 70*x + 4. Determine j(h).
4
Suppose 9*w - 6 = 12*w. Let v be (-2*3)/(2 - (6 + w)). Let q(o) = 2*o - 2*o**v + 2*o**2 + o**3 + 4 - 5. Calculate q(-2).
11
Let u(h) = h**2 - 30*h - 8. Let g(n) = 3*n**2 - 79*n - 21. Let b(w) = -4*g(w) + 11*u(w). Determine b(-11).
29
Let j(s) = -16 + 9 + 10 + s. Let v(g) = 3*g**2 + 16*g + 12. Let z be v(-5). Suppose -2*d - z = p, -5*p - d - 26 = -0*d. Calculate j(p).
-2
Let x(u) = 2*u**3 - 2*u**2 - 111*u + 1. Let p(g) = -2*g**2 - 148*g + 1. Let i(w) = 3*p(w) - 4*x(w). Calculate i(1).
-7
Suppose 36 + 142 = -23*f - 6. Let a(m) = -2*m**2 - 7*m - 3. Give a(f).
-75
Let b(i) = i - 9. Let s be (13*1)/(-1) - (-36)/18. Let w = s - -7. Let l(n) = -n**3 - 4*n**2 + n + 4. Let c be l(w). Determine b(c).
-9
Let n(o) = -o**3 + 9*o**2 - o + 4. Let r = 62 - 57. Suppose -g = -5*g - r*s + 194, 0 = g + s - 49. Let t = -42 + g. What is n(t)?
-5
Let i be -1 + 6 + -3 - 2*-1. Let g(t) = i - 61*t + 68*t - 3. Determine g(2).
15
Let w(z) be the third derivative of z**4/12 + 7*z**3/2 - 2*z**2 + z - 39. Determine w(27).
75
Let l(t) = -t**3 - 7*t**2 - 3*t - 4. Let v be (0 - -4)*-2*105/14. Let p be 6/v*-5*(-2 - 2). Let z be -7 + 0/((-1 - p)*1). What is l(z)?
17
Let f = 9190 - 9191. Let g(y) = -42*y**3 - 3*y**2 - 3*y. Calculate g(f).
42
Let h(k) = -27*k**2 + 111*k + 46. Let t(q) = 11*q**2 - 46*q - 19. Let m(v) = 5*h(v) + 12*t(v). Let y be (-2 - -6 - 1)/1. Give m(y).
-16
Let x(s) = s**2 - 8*s + 21. Let c(j) = 2*j**2 - 15*j + 43. Let r(l) = -6*c(l) + 13*x(l). Let a be r(13). Let o(z) = -z**a - 9*z - 9*z + 16*z. What is o(3)?
-15
Let l = 17 + -15. Suppose -5*f = -4*i + 19, -2*i = -0*i - l. Let h(t) = 9*t - 3. Let p(k) = -5*k + 2. Let x(d) = 3*h(d) + 5*p(d). Give x(f).
-5
Let m(a) = -3*a + 3. Let s(w) = -w**3 - 21*w**2 - 81*w - 15. Let u be s(-16). What is m(u)?
0
Let x(i) be the first derivative of -i**4/4 + 2*i**3/3 + 2*i**2 - 3*i + 921. Suppose y - k = 4, -5*y + 2*y + k + 8 = 0. Determine x(y).
5
Let d(c) = 45*c + 4. Let i(q) = -56*q - 5. Let s(o) = -5*d(o) - 4*i(o). Let r(x) = x**2 - 7*x + 1. Suppose -5*p = -0*p - 35. Let y be r(p). Determine s(y).
-1
Let j(i) = 557*i - 556*i - 13*i**3 + 2 - 3*i**2 + 12*i**3. What is j(1)?
-1
Suppose -10*q + 7*q + 5*i + 20 = 0, -5*q = 4*i - 21. Let c(r) = r**2 - 13*r + 43. Let y be c(q). Suppose -y*v = -4 - 5. Let w(a) = 3*a + 2. Calculate w(v).
11
Let q(a) be the first derivative of 4*a**2 - 3*a**3 - 4*a + 22 + 1/4*a**4. Determine q(8).
-4
Let s(h) be the second derivative of h**5/20 + 2*h**4/3 - 5*h**3/2 - 9*h**2 - 847*h + 2. Determine s(-8).
102
Let g(f) be the third derivative of f**5/60 + f**4 + 9*f**3/2 - 1161*f**2. Give g(-20).
-53
Let j(b) = -27*b**2 - 8*b + 7. Let v = 11400 + -11399. Calculate j(v).
-28
Let w = 427 + -805. Let h be (w/15)/(-3) + 30/(-75). Let x(c) = c**2 - 8*c - 1. What is x(h)?
-1
Let c(m) be the first derivative of -m**5/60 - 9*m**2/2 + 5*m + 161. Let l(f) be the second derivative of c(f). Calculate l(2).
-4
Suppose -13*d - 19*d = -128. Let q(k) be the second derivative of -k**4/6 + k**3 + k**2/2 + 5*k. Calculate q(d).
-7
Let n(d) = 13*d**2 - 81*d + 9. Let r be n(6). Let l(u) = u**3 + 10*u**2 + 3*u - 24. What is l(r)?
30
Suppose -47*s = 4*g - 42*s - 26, 5*g + 2*s - 41 = 0. Let v(h) = -h**3 + 9*h**2 + 8*h - 75. What is v(g)?
-3
Let r(g) = g - 9. Let v = -41 + 53. Let m be r(v). Suppose -m*f = -s - 14, -5*s - 18 = 3*f - 2. Let p(h) = -2*h**2 - 6*h + 4. Give p(s).
-16
Let z(l) = l**3 + 5*l**2 - l - 2. Let k(f) = f + 1. Let r(o) = 6*o**2 - 59*o - 7. Let c be r(10). Let p(v) = c*k(v) + z(v). Give p(-3).
13
Let n(w) be the second derivative of -w**4/6 + w**3 - w**2 - 49*w. Let j(l) = 3*l**2 - 13*l + 6. Let p(r) = 3*j(r) + 5*n(r). Calculate p(-6).
26
Let k(p) = -11*p**2 + 3*p + 4. Let c be k(-2). Let n = 46 + c. Let z(u) = -4 + 2*u + n + 6 + u**3 - 5*u**2. Determine z(4).
-6
Let z(s) = -5*s**3 + 7*s + 5*s**3 - 4*s - s**3. What is z(0)?
0
Let r(l) = -1 + 453*l - 452*l + l**3 - 3*l**3 - 2*l**2 + 14*l**3. Let d(s) = -11*s + 67. Let h be d(6). Give r(h).
10
Suppose 13*s - 8*s - 10 = 0. Suppose 2*n - 40 = -5*h, -s*h - 11 = -3*h - n. Let q(l) = l + 3. Let m(z) = z + 4. Let y(f) = 6*m(f) - 7*q(f). Determine y(h).
-3
Let r(g) = -g**2. Let u(z) = 4*z**2 + 3*z - 3. Let t(d) = 3*r(